re the prime factors of 7327?
17, 431
What are the prime factors of 2135?
5, 7, 61
List the prime factors of 108.
2, 3
What are the prime factors of 446?
2, 223
List the prime factors of 2244.
2, 3, 11, 17
List the prime factors of 26774.
2, 11, 1217
What are the prime factors of 17113?
109, 157
List the prime factors of 3025.
5, 11
List the prime factors of 36659.
7, 5237
What are the prime factors of 13251?
3, 7, 631
List the prime factors of 299.
13, 23
What are the prime factors of 17221?
17, 1013
List the prime factors of 1649.
17, 97
What are the prime factors of 6119?
29, 211
List the prime factors of 9081.
3, 1009
List the prime factors of 241.
241
What are the prime factors of 7927?
7927
List the prime factors of 165693.
3, 11, 5021
What are the prime factors of 9147?
3, 3049
What are the prime factors of 776?
2, 97
List the prime factors of 4316.
2, 13, 83
List the prime factors of 3922.
2, 37, 53
What are the prime factors of 186046?
2, 7, 97, 137
What are the prime factors of 5267?
23, 229
What are the prime factors of 145?
5, 29
What are the prime factors of 2820?
2, 3, 5, 47
List the prime factors of 1331.
11
List the prime factors of 3499.
3499
What are the prime factors of 2632?
2, 7, 47
List the prime factors of 1578.
2, 3, 263
List the prime factors of 106566.
2, 3, 17761
What are the prime factors of 344?
2, 43
List the prime factors of 1880.
2, 5, 47
List the prime factors of 113778.
2, 3, 7, 43
What are the prime factors of 5134?
2, 17, 151
List the prime factors of 130135.
5, 17, 1531
List the prime factors of 1730.
2, 5, 173
What are the prime factors of 444?
2, 3, 37
List the prime factors of 3469.
3469
List the prime factors of 22674.
2, 3, 3779
List the prime factors of 9200.
2, 5, 23
What are the prime factors of 60804?
2, 3, 563
List the prime factors of 361.
19
What are the prime factors of 15244?
2, 37, 103
What are the prime factors of 13117?
13, 1009
What are the prime factors of 39328?
2, 1229
What are the prime factors of 27852?
2, 3, 11, 211
What are the prime factors of 1532?
2, 383
What are the prime factors of 7575?
3, 5, 101
List the prime factors of 19237.
19237
List the prime factors of 913.
11, 83
List the prime factors of 47.
47
List the prime factors of 47193.
3, 15731
What are the prime factors of 6330?
2, 3, 5, 211
List the prime factors of 572.
2, 11, 13
What are the prime factors of 89905?
5, 17981
What are the prime factors of 3?
3
List the prime factors of 15736.
2, 7, 281
List the prime factors of 5460.
2, 3, 5, 7, 13
List the prime factors of 7794.
2, 3, 433
List the prime factors of 9245.
5, 43
List the prime factors of 10822.
2, 7, 773
What are the prime factors of 61121?
61121
List the prime factors of 67060.
2, 5, 7, 479
What are the prime factors of 38343?
3, 12781
What are the prime factors of 4295?
5, 859
What are the prime factors of 15347?
103, 149
What are the prime factors of 1128?
2, 3, 47
List the prime factors of 28620.
2, 3, 5, 53
What are the prime factors of 151165?
5, 7, 617
What are the prime factors of 18883?
23, 821
What are the prime factors of 54107?
61, 887
What are the prime factors of 14787?
3, 31, 53
What are the prime factors of 3796?
2, 13, 73
List the prime factors of 48711.
3, 13, 1249
List the prime factors of 15624.
2, 3, 7, 31
What are the prime factors of 491?
491
What are the prime factors of 8681?
8681
List the prime factors of 1479.
3, 17, 29
What are the prime factors of 449?
449
List the prime factors of 111062.
2, 7, 7933
What are the prime factors of 6463?
23, 281
List the prime factors of 15676.
2, 3919
What are the prime factors of 66702?
2, 3, 11117
What are the prime factors of 6988?
2, 1747
List the prime factors of 71919.
3, 61, 131
List the prime factors of 2238.
2, 3, 373
What are the prime factors of 18389?
7, 37, 71
What are the prime factors of 82425?
3, 5, 7, 157
List the prime factors of 11156.
2, 2789
What are the prime factors of 712?
2, 89
List the prime factors of 29182.
2, 14591
What are the prime factors of 25683?
3, 7, 1223
What are the prime factors of 11751?
3, 3917
List the prime factors of 100216.
2, 12527
List the prime factors of 1230.
2, 3, 5, 41
What are the prime factors of 18512?
2, 13, 89
What are the prime factors of 9644?
2, 2411
List the prime factors of 2778.
2, 3, 463
List the prime factors of 67605.
3, 5, 4507
What are the prime factors of 426?
2, 3, 71
What are the prime factors of 426?
2, 3, 71
What are the prime factors of 185?
5, 37
What are the prime factors of 1284?
2, 3, 107
List the prime factors of 8029.
7, 31, 37
List the prime factors of 563.
563
List the prime factors of 319.
11, 29
List the prime factors of 5534.
2, 2767
List the prime factors of 11520.
2, 3, 5
List the prime factors of 837.
3, 31
What are the prime factors of 1016?
2, 127
What are the prime factors of 1763?
41, 43
List the prime factors of 151.
151
What are the prime factors of 358?
2, 179
List the prime factors of 70359.
3, 47, 499
List the prime factors of 25362.
2, 3, 1409
List the prime factors of 4237.
19, 223
List the prime factors of 25371.
3, 2819
List the prime factors of 15262.
2, 13, 587
What are the prime factors of 29832?
2, 3, 11, 113
What are the prime factors of 8921?
11, 811
List the prime factors of 4341.
3, 1447
List the prime factors of 952.
2, 7, 17
What are the prime factors of 44152?
2, 5519
What are the prime factors of 1912?
2, 239
What are the prime factors of 636?
2, 3, 53
List the prime factors of 261.
3, 29
What are the prime factors of 1562?
2, 11, 71
What are the prime factors of 1590?
2, 3, 5, 53
What are the prime factors of 744?
2, 3, 31
List the prime factors of 1421.
7, 29
List the prime factors of 99078.
2, 3, 7, 337
List the prime factors of 540.
2, 3, 5
What are the prime factors of 7270?
2, 5, 727
What are the prime factors of 1012?
2, 11, 23
What are the prime factors of 11635?
5, 13, 179
List the prime factors of 946.
2, 11, 43
What are the prime factors of 14883?
3, 11, 41
What are the prime factors of 86458?
2, 139, 311
List the prime factors of 5575.
5, 223
What are the prime factors of 80978?
2, 19, 2131
List the prime factors of 4830.
2, 3, 5, 7, 23
List the prime factors of 1705.
5, 11, 31
List the prime factors of 30492.
2, 3, 7, 11
What are the prime factors of 89522?
2, 17, 2633
What are the prime factors of 2526?
2, 3, 421
What are the prime factors of 31540?
2, 5, 19, 83
List the prime factors of 75.
3, 5
List the prime factors of 305.
5, 61
List the prime factors of 26937.
3, 41, 73
What are the prime factors of 28763?
7, 587
List the prime factors of 8059.
8059
What are the prime factors of 2419?
41, 59
List the prime factors of 23568.
2, 3, 491
What are the prime factors of 1422?
2, 3, 79
What are the prime factors of 4821?
3, 1607
List the prime factors of 4900.
2, 5, 7
List the prime factors of 22650.
2, 3, 5, 151
List the prime factors of 4065.
3, 5, 271
List the prime factors of 28364.
2, 7, 1013
List the prime factors of 16046.
2, 71, 113
What are the prime factors of 4831?
4831
List the prime factors of 58989.
3, 7, 53
List the prime factors of 2161.
2161
List the prime factors of 17261.
41, 421
List the prime factors of 9228.
2, 3, 769
What are the prime factors of 25413?
3, 43, 197
What are the prime factors of 61850?
2, 5, 1237
List the prime factors of 32919.
3, 10973
List the prime factors of 27162.
2, 3, 503
List the prime factors of 5788.
2, 1447
List the prime factors of 1101.
3, 367
What are the prime factors of 10064?
2, 17, 37
List the prime factors of 12406.
2, 6203
What are the prime factors of 2795?
5, 13, 43
What are the prime factors of 1483?
1483
What are the prime factors of 11?
11
List the prime factors of 22708.
2, 7, 811
List the prime factors of 78863.
17, 4639
What are the prime factors of 148500?
2, 3, 5, 11
What are the prime factors of 8990?
2, 5, 29, 31
What are the prime factors of 400?
2, 5
List the prime factors of 401.
401
What are the prime factors of 552?
2, 3, 23
List the prime factors of 439.
439
List the prime factors of 16372.
2, 4093
What are the prime factors of 1361?
1361
List the prime factors of 73.
73
List the prime factors of 42148.
2, 41, 257
What are the prime factors of 19?
19
List the prime factors of 8101.
8101
List the 